f 72 and 188?
4
What is the greatest common factor of 3 and 312?
3
Calculate the greatest common factor of 162 and 90.
18
What is the highest common factor of 19 and 38?
19
Calculate the greatest common factor of 8 and 8312.
8
Calculate the highest common divisor of 205 and 7421.
41
What is the highest common divisor of 16599 and 33?
33
What is the highest common divisor of 2492 and 28?
28
Calculate the highest common divisor of 3728 and 32.
16
What is the greatest common divisor of 60 and 18?
6
Calculate the greatest common divisor of 1110 and 70.
10
What is the highest common divisor of 1351 and 5983?
193
Calculate the greatest common factor of 33 and 704.
11
What is the greatest common factor of 8425 and 25?
25
What is the greatest common divisor of 28 and 1444?
4
What is the greatest common factor of 81 and 999?
27
Calculate the highest common divisor of 2 and 3.
1
Calculate the highest common divisor of 3355 and 165.
55
What is the highest common factor of 3379 and 62?
31
What is the highest common factor of 135 and 195?
15
What is the greatest common divisor of 8 and 6376?
8
What is the highest common divisor of 128 and 16?
16
What is the highest common divisor of 71 and 2698?
71
What is the greatest common divisor of 84 and 5334?
42
What is the highest common factor of 376 and 6204?
188
Calculate the highest common divisor of 452 and 8.
4
Calculate the highest common factor of 47 and 2491.
47
What is the greatest common divisor of 200 and 520?
40
Calculate the greatest common divisor of 78677 and 29.
29
What is the highest common factor of 31 and 22413?
31
Calculate the highest common factor of 189 and 81.
27
What is the highest common factor of 584 and 73?
73
Calculate the greatest common divisor of 441 and 1029.
147
Calculate the highest common factor of 15 and 375.
15
What is the highest common divisor of 792 and 44?
44
Calculate the highest common factor of 29968 and 16.
16
Calculate the greatest common factor of 68 and 476.
68
What is the greatest common divisor of 130 and 54?
2
Calculate the greatest common divisor of 19 and 19.
19
What is the highest common factor of 36 and 180?
36
What is the highest common divisor of 1098 and 122?
122
Calculate the greatest common factor of 209 and 608.
19
What is the greatest common divisor of 189 and 42?
21
What is the highest common factor of 494 and 38?
38
Calculate the greatest common divisor of 550 and 100.
50
What is the greatest common factor of 16 and 7984?
16
What is the highest common factor of 26150 and 50?
50
Calculate the greatest common factor of 1581 and 51.
51
What is the greatest common factor of 143 and 275?
11
What is the greatest common factor of 793 and 39?
13
What is the highest common factor of 391 and 92?
23
What is the greatest common divisor of 175 and 490?
35
Calculate the highest common factor of 8618 and 434.
62
Calculate the highest common factor of 32 and 368.
16
What is the highest common divisor of 364 and 1484?
28
What is the greatest common factor of 225 and 45?
45
Calculate the highest common divisor of 328 and 114472.
328
Calculate the highest common factor of 11 and 55.
11
What is the highest common factor of 651 and 372?
93
What is the highest common divisor of 22 and 506?
22
Calculate the highest common divisor of 26 and 1846.
26
What is the highest common divisor of 76 and 24?
4
What is the highest common divisor of 70 and 60?
10
Calculate the greatest common factor of 119 and 4097.
17
Calculate the highest common divisor of 1 and 79.
1
What is the highest common factor of 10 and 2690?
10
What is the highest common divisor of 60 and 2910?
30
Calculate the greatest common factor of 12 and 7278.
6
Calculate the highest common divisor of 984 and 451.
41
Calculate the greatest common divisor of 60 and 1020.
60
What is the greatest common divisor of 56 and 98?
14
Calculate the highest common factor of 1428 and 210.
42
Calculate the highest common factor of 667 and 23.
23
What is the highest common divisor of 30 and 135?
15
Calculate the greatest common divisor of 696 and 16.
8
What is the greatest common factor of 11570 and 338?
26
Calculate the greatest common factor of 26908 and 56.
28
Calculate the greatest common divisor of 156 and 403.
13
Calculate the greatest common factor of 160 and 14528.
32
Calculate the highest common divisor of 55 and 77.
11
What is the highest common factor of 56 and 4?
4
What is the greatest common divisor of 25 and 325?
25
Calculate the highest common divisor of 3308 and 4.
4
What is the greatest common divisor of 5746 and 102?
34
What is the greatest common factor of 15 and 105?
15
Calculate the highest common factor of 12 and 852.
12
Calculate the highest common divisor of 11 and 3.
1
What is the highest common factor of 4 and 66?
2
What is the greatest common factor of 15 and 98205?
15
Calculate the greatest common factor of 78 and 260.
26
Calculate the greatest common factor of 37 and 703.
37
What is the highest common factor of 240 and 2028?
12
What is the greatest common divisor of 27 and 9?
9
What is the greatest common factor of 108 and 2556?
36
Calculate the highest common divisor of 259 and 6031.
37
Calculate the greatest common divisor of 1 and 27.
1
What is the highest common divisor of 240 and 48?
48
What is the greatest common divisor of 77 and 33?
11
Calculate the highest common factor of 80 and 5.
5
What is the greatest common factor of 11160 and 60?
60
What is the highest common factor of 17655 and 165?
165
Calculate the greatest common factor of 22 and 1903.
11
Calculate the highest common factor of 1616 and 16.
16
What is the highest common factor of 1053 and 13?
13
What is the greatest common divisor of 123 and 1804?
41
What is the greatest common factor of 1 and 3643?
1
Calculate the highest common factor of 24 and 2082.
6
What is the highest common divisor of 80 and 1028?
4
What is the greatest common divisor of 8 and 5?
1
Calculate the highest common divisor of 775 and 25.
25
What is the highest common divisor of 288 and 104?
8
Calculate the greatest common divisor of 208 and 976.
16
Calculate the highest common divisor of 205 and 4756.
41
What is the highest common divisor of 628 and 4?
4
What is the greatest common divisor of 1494 and 18?
18
Calculate the greatest common divisor of 221 and 611.
13
Calculate the greatest common divisor of 5220 and 464.
116
Calculate the greatest common divisor of 36 and 144.
36
What is the highest common factor of 52 and 13988?
52
What is the highest common divisor of 297 and 6?
3
What is the highest common divisor of 120 and 135?
15
What is the greatest common divisor of 84 and 1148?
28
What is the highest common factor of 39 and 130?
13
Calculate the greatest common divisor of 26 and 117.
13
Calculate the highest common factor of 63 and 1743.
21
What is the highest common factor of 434 and 620?
62
Calculate the highest common divisor of 14 and 266.
14
Calculate the highest common divisor of 60 and 580.
20
What is the greatest common factor of 6 and 735?
3
What is the highest common divisor of 42 and 504?
42
Calculate the greatest common factor of 54 and 18.
18
Calculate the highest common divisor of 12 and 148.
4
Calculate the highest common factor of 3315 and 165.
15
Calculate the greatest common factor of 1580 and 10.
10
Calculate the highest common factor of 462 and 99.
33
What is the highest common factor of 39 and 4875?
39
What is the greatest common factor of 40 and 4?
4
Calculate the highest common divisor of 805 and 105.
35
What is the greatest common divisor of 32242 and 28?
14
What is the greatest common divisor of 269 and 1?
1
What is the highest common factor of 536 and 24?
8
Calculate the greatest common divisor of 72 and 256.
8
What is the greatest common divisor of 28 and 196?
28
What is the highest common divisor of 99 and 891?
99
Calculate the greatest common divisor of 143 and 39.
13
Calculate the greatest common factor of 198 and 12.
6
Calculate the greatest common divisor of 388 and 679.
97
What is the highest common divisor of 145 and 203?
29
Calculate the greatest common divisor of 340 and 40.
20
Calculate the highest common factor of 6739 and 23.
23
Calculate the highest common factor of 315 and 207.
9
What is the highest common divisor of 